 are the prime factors of 2267896081?
11, 206172371
List the prime factors of 5310445506.
2, 3, 19681, 44971
List the prime factors of 2521205874.
2, 3, 11, 19, 670177
List the prime factors of 847080219.
3, 7079, 39887
What are the prime factors of 41326368?
2, 3, 19, 139, 163
List the prime factors of 53191277.
53, 1003609
What are the prime factors of 1399438683?
3, 109, 1426543
What are the prime factors of 6745314926?
2, 7, 23, 1621, 12923
List the prime factors of 254018364.
2, 3, 59, 358783
List the prime factors of 724219124.
2, 19, 23, 414313
What are the prime factors of 250528384?
2, 487, 4019
What are the prime factors of 399143790?
2, 3, 5, 37, 67, 1789
What are the prime factors of 20370016?
2, 636563
List the prime factors of 1306568342.
2, 14923, 43777
List the prime factors of 891630533.
891630533
List the prime factors of 5807841343.
23, 252514841
List the prime factors of 122532110.
2, 5, 12253211
List the prime factors of 19384065.
3, 5, 71, 6067
What are the prime factors of 54226267?
54226267
List the prime factors of 454621254.
2, 3, 75770209
List the prime factors of 613934574.
2, 3, 11, 19, 41, 11941
What are the prime factors of 115960460?
2, 5, 7, 11, 31, 347
List the prime factors of 103231731.
3, 19, 1811083
What are the prime factors of 143452421?
7, 101, 331, 613
What are the prime factors of 359362953?
3, 13309739
What are the prime factors of 74897246?
2, 23, 293, 5557
List the prime factors of 36746403.
3, 1283, 9547
List the prime factors of 1418152038.
2, 3, 236358673
What are the prime factors of 953743156?
2, 238435789
List the prime factors of 9501587.
9501587
List the prime factors of 927912104.
2, 7, 16569859
List the prime factors of 1283639105.
5, 7, 59, 621617
List the prime factors of 6771025.
5, 270841
List the prime factors of 419745275.
5, 29, 578959
What are the prime factors of 74500696?
2, 191, 48757
What are the prime factors of 555848926?
2, 277924463
What are the prime factors of 154560392?
2, 7, 461, 5987
What are the prime factors of 271062550?
2, 5, 11, 19, 25939
List the prime factors of 46995696.
2, 3, 11, 29669
List the prime factors of 648707756.
2, 4093, 39623
List the prime factors of 10927496.
2, 131, 10427
List the prime factors of 1439115672.
2, 3, 59963153
What are the prime factors of 3007110745?
5, 601422149
List the prime factors of 258045710.
2, 5, 13, 89, 22303
List the prime factors of 252782685.
3, 5, 47, 107, 1117
What are the prime factors of 542882417?
7, 11, 1007203
List the prime factors of 580562456.
2, 71, 1009, 1013
List the prime factors of 342999252.
2, 3, 31, 53, 1933
List the prime factors of 155538806.
2, 2707, 28729
List the prime factors of 5773772618.
2, 53, 54469553
List the prime factors of 1398913841.
13, 107608757
List the prime factors of 32471495.
5, 7, 71, 73, 179
List the prime factors of 68260899.
3, 7, 17, 367, 521
List the prime factors of 904617916.
2, 10909, 20731
What are the prime factors of 54864641?
13, 4220357
List the prime factors of 1116638146.
2, 13, 42947621
What are the prime factors of 5130108?
2, 3, 47501
What are the prime factors of 182468584?
2, 2591, 8803
What are the prime factors of 2345525031?
3, 781841677
List the prime factors of 2535520896.
2, 3, 17, 129469
What are the prime factors of 104146317?
3, 11, 179, 653
List the prime factors of 98955082.
2, 239, 241, 859
List the prime factors of 74783136.
2, 3, 17, 45823
List the prime factors of 42165927.
3, 520567
What are the prime factors of 1534957062?
2, 3, 37, 53, 130457
What are the prime factors of 368413968?
2, 3, 13, 590407
List the prime factors of 101111133.
3, 33703711
List the prime factors of 68676373.
1319, 52067
What are the prime factors of 17267791?
263, 65657
List the prime factors of 41395951.
41395951
List the prime factors of 1422147695.
5, 67, 4245217
What are the prime factors of 2737643?
199, 13757
List the prime factors of 272822184.
2, 3, 3789197
What are the prime factors of 58757958?
2, 3, 7, 31, 307
What are the prime factors of 223518720?
2, 3, 5, 17, 107
What are the prime factors of 600117633?
3, 23, 966373
What are the prime factors of 649845534?
2, 3, 13, 71, 271, 433
What are the prime factors of 190452023?
251, 3023
What are the prime factors of 175432928?
2, 11, 17, 19, 1543
List the prime factors of 195719223.
3, 7, 9319963
What are the prime factors of 159435660?
2, 3, 5, 53, 181, 277
What are the prime factors of 126370596?
2, 3, 11, 19, 50387
What are the prime factors of 912412709?
13, 991, 70823
What are the prime factors of 47746738?
2, 13, 1836413
List the prime factors of 2990207118.
2, 3, 19, 26229887
List the prime factors of 13689547.
13689547
What are the prime factors of 88129976?
2, 11, 193, 5189
What are the prime factors of 37656228?
2, 3, 359, 8741
List the prime factors of 48749654.
2, 24374827
What are the prime factors of 12570336?
2, 3, 14549
List the prime factors of 5034533941.
5034533941
List the prime factors of 996535771.
7, 11, 12942023
List the prime factors of 135186706.
2, 67593353
List the prime factors of 3277661213.
163, 20108351
What are the prime factors of 313243433?
43, 2161, 3371
List the prime factors of 328494634.
2, 13, 619, 20411
List the prime factors of 371573047.
1487, 249881
What are the prime factors of 33832959?
3, 43, 262271
What are the prime factors of 9052337530?
2, 5, 29, 31214957
List the prime factors of 5363602630.
2, 5, 113, 4746551
What are the prime factors of 173016669?
3, 7, 97, 157, 541
List the prime factors of 68479268.
2, 11, 13, 19, 6301
What are the prime factors of 71112812?
2, 17778203
What are the prime factors of 25455454?
2, 12727727
List the prime factors of 446811794.
2, 11, 13, 1562279
List the prime factors of 476941296.
2, 3, 13, 839, 911
What are the prime factors of 294343523?
211, 1394993
List the prime factors of 95909400.
2, 3, 5, 17761
List the prime factors of 34393191.
3, 7, 443, 3697
What are the prime factors of 59380214?
2, 29690107
List the prime factors of 2063006411.
33623, 61357
What are the prime factors of 4753738289?
947, 5019787
What are the prime factors of 7033326264?
2, 3, 5683, 17189
List the prime factors of 2735632807.
49477, 55291
List the prime factors of 98879014.
2, 13, 433, 8783
List the prime factors of 372795423.
3, 7, 11, 13, 43, 2887
What are the prime factors of 400519?
7, 29, 1973
List the prime factors of 33709397.
29, 379, 3067
List the prime factors of 167421780.
2, 3, 5, 17, 54713
List the prime factors of 850080696.
2, 3, 35420029
List the prime factors of 299715216.
2, 3, 1801, 3467
What are the prime factors of 1399669205?
5, 11, 25448531
List the prime factors of 2322213995.
5, 464442799
List the prime factors of 1858606198.
2, 929303099
List the prime factors of 985584155.
5, 23, 421, 20357
List the prime factors of 153209674.
2, 37, 61, 33941
What are the prime factors of 60007450?
2, 5, 17, 227, 311
What are the prime factors of 46895414?
2, 23447707
What are the prime factors of 1573816998?
2, 3, 13, 23, 877267
List the prime factors of 42928695.
3, 5, 19, 23, 37, 59
What are the prime factors of 135178356?
2, 3, 17, 662639
List the prime factors of 25936955.
5, 11, 43, 997
What are the prime factors of 5290786?
2, 2645393
What are the prime factors of 169608921?
3, 56536307
What are the prime factors of 121578001?
31, 107, 36653
List the prime factors of 345820019.
23, 37, 251, 1619
What are the prime factors of 52450322?
2, 26225161
List the prime factors of 22955218.
2, 11, 13, 80263
List the prime factors of 57227034.
2, 3, 29, 328891
List the prime factors of 6432585594.
2, 3, 739, 1450741
List the prime factors of 401619428.
2, 7, 73, 349, 563
What are the prime factors of 50363699?
19, 67, 39563
What are the prime factors of 66187508?
2, 16546877
What are the prime factors of 34196149?
13, 181, 14533
List the prime factors of 329028248.
2, 23, 317, 5641
List the prime factors of 39944911.
39944911
What are the prime factors of 2815714703?
2557, 1101179
List the prime factors of 268840778.
2, 197, 682337
List the prime factors of 54744845.
5, 17, 644057
What are the prime factors of 133271671?
13, 131, 139, 563
List the prime factors of 204986320.
2, 5, 7, 11, 107, 311
What are the prime factors of 73